he prime factors of ((6 - -348) + (7 - 9))*10?
2, 5, 11
Let c = -295 + 425. List the prime factors of c.
2, 5, 13
Suppose c - 2*y = 5*c - 4, 4*y = -3*c + 3. Let q(t) = 34*t**2 + t - 2. List the prime factors of q(c).
3, 11
Suppose l - 6*l + 56500 = 0. What are the prime factors of 4/18 - l/(-180)?
3, 7
Let z be -2*(-15)/(-12)*6. Let d = -5 + z. List the prime factors of (-3 - d)/(1/2).
2, 17
Let r(b) = -4*b - 18. Let f be r(-6). Let w(o) = -o**2 + 7*o - 2. Let j be w(f). Suppose 4*v - 117 = -3*u + 10, j*u - v = 163. List the prime factors of u.
41
Let k be 2/4 - 21/(-6). Suppose 2*m + 96 = 6*m + 3*i, -5*m + 120 = 5*i. What are the prime factors of (k/(-6))/(m/(-2196))?
61
Let s = -69 + 20. Let o = -31 - s. List the prime factors of o.
2, 3
Let r be 2*-1 - (-3 + -1). Suppose r*x - 3*x = -99. What are the prime factors of x?
3, 11
Suppose 2 = j - 4. Suppose -j*k = -21 - 27. What are the prime factors of k?
2
Let s(h) = 63*h - 596. What are the prime factors of s(12)?
2, 5
Let j = 66 + -61. Let v(b) = 13*b - 2. List the prime factors of v(j).
3, 7
Let x = 0 + 22. Let l be 58/145 + ((-2)/(-5))/(-1). Suppose n + l = -a + x, a - n = 16. What are the prime factors of a?
19
Suppose -7*g = -10*g + 12. Suppose 0 = -g*s - 18 - 2. Let n(c) = -8*c - 9. What are the prime factors of n(s)?
31
Let o(u) = 21*u + 106. What are the prime factors of o(20)?
2, 263
Let z = -161 + 60. Let g = 21 - z. List the prime factors of g.
2, 61
Let r be (0 - 2) + 0 + 295. Let y = r - 171. What are the prime factors of y?
2, 61
Let l(o) = -2*o + 6. Let g be l(5). List the prime factors of -1*(g - 15)*2.
2, 19
What are the prime factors of (-12327)/(-15) + -3 + (-32)/(-10)?
2, 3, 137
What are the prime factors of ((-1835)/25)/((-8)/160)?
2, 367
Let c(h) = h**2 + h + 2. Let x be c(-2). Suppose -3*p + 5*i + 20 = 0, -p + 4*i + 5 = 10. Suppose -21 - p = -x*f. List the prime factors of f.
3
Let r(m) = -522*m - 160. What are the prime factors of r(-4)?
2, 241
Let r(u) = -171*u - 16. List the prime factors of r(-1).
5, 31
Suppose 6*a + 7900 = 26*a. What are the prime factors of a?
5, 79
Let l(t) = -13*t - 44. List the prime factors of l(-23).
3, 5, 17
Let v be (12/(-4))/(-3)*3. Suppose -z - 4*y = 8, z + v*y + 4 + 1 = 0. Suppose z*r - 2*w - 190 = -0*r, 0 = -4*w + 4. List the prime factors of r.
2, 3
Let i = -28 + 202. Suppose -i = -5*a + u, u = -5*a + 180 - 14. What are the prime factors of a?
2, 17
Suppose -67 - 83 = -f. List the prime factors of f.
2, 3, 5
Let p be 4 + 118/2 + 3. Let z = p + -40. List the prime factors of z.
2, 13
Let k = -320 + 705. List the prime factors of k.
5, 7, 11
Let d(l) = 4*l - 15. Let z be d(5). Let o be 4 - z/((-10)/212). Let n = -44 + o. List the prime factors of n.
2, 3, 11
Let x(m) = -4*m**3 + 20*m**2 + 7*m - 5. List the prime factors of x(-8).
3, 11
Suppose 4*f - 6 + 30 = 0. Let g = 8 + f. Suppose 0 = -g*q + 31 + 13. What are the prime factors of q?
2, 11
Let d(z) = 4*z - 1. Let m be d(1). Let l be (110/(-3))/((4/3)/(-4)). Suppose r + m*r - l = -2*a, 3*r - 60 = 3*a. List the prime factors of r.
5
Let i be 6/9 + 1924/(-6). List the prime factors of 16/(-12) - i/15.
2, 5
Suppose -32*f = -27*f - 155. Let y = f - 8. Let w = y - 16. List the prime factors of w.
7
Suppose 5*g = -a + 1236, 1151 = 2*a - 5*g - 1366. What are the prime factors of a?
3, 139
Let k(z) = z**3 - z**2 + 1. Let m(w) = -w**3 - 21*w**2 - 23*w + 14. Let u(t) = 2*k(t) + m(t). What are the prime factors of u(24)?
2, 5
Let w = 2 + -2. Suppose 3*i - h = -4, h - 4 = i - w. Suppose i = -6*k + 4*k + 16. What are the prime factors of k?
2
Suppose -11*x + 7*x = -2*f - 14884, -3*x - f = -11153. List the prime factors of x.
3719
Let o(x) = 2*x + 15. Let v be o(-9). List the prime factors of (-488)/64*-10 - v/4.
7, 11
Suppose 0 = -3*u + 200 + 1330. What are the prime factors of u?
2, 3, 5, 17
Let v = -85 - -231. What are the prime factors of v?
2, 73
Let i be (-1136)/(-6) - (-4)/6. Suppose -3*p + 523 = 5*n - p, 4*p + i = 2*n. What are the prime factors of n?
103
Let p be -4 - (-4 - -3) - -13. Let g = 6 - p. List the prime factors of (2/g)/(3/(-138)).
23
Suppose 4*i - 1150 = 470. What are the prime factors of i?
3, 5
Let v(f) = -f**3 - 5*f**2 + 10*f + 4. Suppose -15 = -7*p - 64. List the prime factors of v(p).
2
Suppose -20*k = -1726 - 194. List the prime factors of k.
2, 3
Let v(r) = -8*r**3 + 3*r**2 + r - 6. Let q be v(2). Let h = q - -167. List the prime factors of h.
3, 37
What are the prime factors of (-14792)/(-15) + (-82)/615?
2, 17, 29
What are the prime factors of (-4448)/6*(441/14)/(-7)?
2, 3, 139
Suppose -5 = -i - 2*y, 2*y + 3*y + 5 = i. Let x(j) = j**2 + j. Let p be x(-1). Suppose p = i*f - 9*f + 56. List the prime factors of f.
2, 7
Let o be (-7)/((-45)/24 - -2). Let n = 21 - o. What are the prime factors of n?
7, 11
Let k be (8/(-2) - -2) + 6. Suppose k*f - 9*f = -10. Suppose -f*s + 60 = 2*y, -2*s - 3*s - 2*y + 150 = 0. List the prime factors of s.
2, 3, 5
Suppose -3*v + 2*w = -0*v - 44, 0 = -4*w + 20. Suppose -4*o + 6*o = v. List the prime factors of 238/16 + o/72.
3, 5
Let r = 408 - 335. List the prime factors of r.
73
Suppose 2*v = 3*v + 4. Let w(o) = -12*o. Let k be w(v). Suppose 3*t - 5*t - p + k = 0, -4*t + 100 = 4*p. List the prime factors of t.
23
Let i(l) = -2*l**3 + 18*l**2 + 13*l + 25. Let p(o) = -o**3 + 9*o**2 + 7*o + 12. Let g(z) = -3*i(z) + 7*p(z). List the prime factors of g(8).
3, 17
Let k = -52 + 112. Let o = k - -2. List the prime factors of o.
2, 31
Let m = 98 - -287. What are the prime factors of m?
5, 7, 11
Let s(i) = -193*i - 225. What are the prime factors of s(-8)?
1319
Suppose -516*u + 1323 = -515*u. List the prime factors of u.
3, 7
Let d(s) = -586*s - 548. What are the prime factors of d(-5)?
2, 3, 397
Let j = -12 + 20. Let t(l) = l**2 - 9*l + 1. Let z be t(j). Let o(u) = -u**2 - 8*u - 3. List the prime factors of o(z).
2
Let v = -74 - -42. Let y = v + 0. List the prime factors of (-83)/(-4) + (-8)/y.
3, 7
Let h = -12738 - -17896. What are the prime factors of h?
2, 2579
Let t(f) = 29*f + 8. Let j(h) = -7*h - 2. Let w be (-94)/10 + (-16)/(-40). Let k(m) = w*j(m) - 2*t(m). List the prime factors of k(4).
2, 11
List the prime factors of (6049/(-46))/(2/(-1 - 3)).
263
What are the prime factors of ((-95)/(-95))/((-1)/(-203))?
7, 29
Suppose 0 = q - 2*w - 189, -3*w - 748 = -4*q + w. Let s = 264 - q. List the prime factors of s.
79
Let s(u) = 5*u + 91. Let j be s(15). Suppose -j*o + 566 = -164*o. What are the prime factors of o?
283
Let b be (70/(-8))/(255/(-36) - -7). Let s = b + -67. List the prime factors of s.
2, 19
Suppose -30 = -3*h + 3*v - 2*v, 0 = -5*h + 2*v + 51. Suppose 5*r + 2*q = 168, h = 2*q + 1. What are the prime factors of r?
2
Let t(c) = c**3 + 17*c**2 + 6*c - 33. What are the prime factors of t(-16)?
127
Suppose -181 = -3*c + 5*y - 0*y, c = -2*y + 42. Let f = 11 - c. Let j = f - -82. What are the prime factors of j?
41
Let m = -1527 - -2629. What are the prime factors of m?
2, 19, 29
Suppose 0 = 5*g - 2*l - 5223, 4*g - 4182 = -6*l + 4*l. What are the prime factors of g?
5, 11, 19
Suppose -3*z + 2*b = -44, 0 = -5*z + 3*z - 5*b + 42. List the prime factors of (z + 0)/(10/15).
2, 3
Let u = -132 - -608. What are the prime factors of u?
2, 7, 17
Suppose -13411 = -5*i - d, 57*i + 4*d = 61*i - 10724. What are the prime factors of i?
2, 3, 149
List the prime factors of (28/84)/(2 - (-6351)/(-3177)).
353
Suppose c - 3*c - 4 = 2*f, -22 = f + 5*c. Suppose n = f*s - s + 1, -5*n = -4*s + 1. List the prime factors of -11*-2*(2 + s).
2, 11
Let m be 16 + -10 + -3 + 1. Suppose -2 = m*o - 514. List the prime factors of o.
2
Let l = 0 + 22. Suppose -k + l = 2. What are the prime factors of k?
2, 5
Let r be -4*(52/16 - 4). Suppose -15 = -r*u, -2*j + u + 97 = j. Suppose j = 4*l - 2. List the prime factors of l.
3
Let w be 4/(-8)*(-2)/1. Let p be (w - 1)/(-5 + 3). Let f(z) = -z + 14. What are the prime factors of f(p)?
2, 7
Let v(r) = -25*r**3 - r**2 + 6*r + 10. What are the prime factors of v(-2)?
2, 97
Let x(j) be the second derivative of 2*j**3/3 + 4*j**2 + 2*j. Let y be x(4). Suppose 0 = 3*v + 2*b - 107, -2*b - y = 4*v - 168. List the prime factors of v.
37
Let g be 2/4 + 3/(12/22). Suppose 5*w - g*w + 2*v + 270 = 0, -2*v = -4. List the prime factors of w.
2, 1